{"id":3,"date":"2021-08-24T15:45:40","date_gmt":"2021-08-24T15:45:40","guid":{"rendered":"https:\/\/baumschnitt-ja.de\/?page_id=3"},"modified":"2021-08-24T17:56:41","modified_gmt":"2021-08-24T17:56:41","slug":"privacy-policy","status":"publish","type":"page","link":"https:\/\/baumschnitt-ja.de\/index.php\/privacy-policy\/","title":{"rendered":"Datenschutz"},"content":{"rendered":"\n<p style=\"font-size:11px\"><strong>Datenschutzerkl\u00e4rung<\/strong><\/p>\n\n\n\n<p style=\"font-size:11px\">Verantwortlich f\u00fcr diese Seite im Sinne des Datenschutzes, insbesondere der EU-Datenschutzgrundverordnung (DSGVO), ist:<\/p>\n\n\n\n<p style=\"font-size:11px\">Jeremias Aigner<br>Tannenweg 26<br>93333 Neustadt\/Donau<\/p>\n\n\n\n<p style=\"font-size:11px\"><strong>Kontakt:<\/strong> <br>Telefon: +4915901322944<br>Mail: gartenmanufaktur-bouleau [\u00e4t] posteo [punkt] de<\/p>\n\n\n\n<p style=\"font-size:11px\"><strong>Sie <\/strong><strong>haben Rechte<\/strong><\/p>\n\n\n\n<p style=\"font-size:11px\">Unter den o.g. Kontaktdaten k\u00f6nnen Sie jederzeit: Auskunft \u00fcber Ihre bei uns gespeicherten Daten und deren Verarbeitung erhalten, unrichtige Personenbezogene Daten richtigstellen, Ihre bei uns gespeicherten Daten l\u00f6schen, die Verarbeitung Ihrer Daten einschr\u00e4nken, sofern wir aufgrund anderer gesetzlicher Pflichten Ihre Daten nicht l\u00f6schen d\u00fcrfen, Widerspruch gegen die Verarbeitung Ihrer Daten einlegen, wenn Sie der Speicherung und Verarbeitung Ihrer Daten zugestimmt haben, k\u00f6nnen Sie dem auch jederzeit mit Wirkung in die Zukunft wieder widersprechen. Beschwerden wenden Sie bitte an die f\u00fcr Sie zust\u00e4ndige Aufsichtsbeh\u00f6rde.<\/p>\n\n\n\n<p style=\"font-size:11px\"><strong>Zweck der Datenverarbeitung<\/strong><\/p>\n\n\n\n<p style=\"font-size:11px\">Ihre personenbezogenen Daten werden nur zu denn hier genannten Zwecken erhoben und verarbeitet. Eine Weitergabe an Dritte aus anderen als den hier genannten Gr\u00fcnden erfolgt nicht. Gr\u00fcnde der Datenverarbeitung sind, wenn Sie ausdr\u00fccklich der Verarbeitung und Weitergabe Ihrer Daten zugestimmt haben, wenn die Abwicklung eines Vertrags mit Ihnen die Verarbeitung von personenbezogenen Daten erforderlich macht, wenn eine rechtliche Verpflichtung die Verarbeitung Ihrer Daten n\u00f6tig macht. wenn es zur Wahrung berechtigter Interessen des Anbieters dieser Website erforderlich ist und gleichzeitig kein Grund zur Annahme besteht, dass Sie ein \u00fcberwiegendes schutzw\u00fcrdiges Interesse an der Nichtweitergabe Ihrer Daten haben.<\/p>\n\n\n\n<p style=\"font-size:11px\"><strong>L\u00f6schung von Daten Dritter<\/strong><\/p>\n\n\n\n<p style=\"font-size:11px\">Ihre personenbezogenen Daten werden nur so lange gespeichert, wie es f\u00fcr die Erf\u00fcllung der oben genannten Gr\u00fcnde erforderlich ist. Vom Gesetzgeber vorgegebene Speicherfristen werden eingehalten. Anschlie\u00dfend werden alle Daten routinem\u00e4\u00dfig gel\u00f6scht oder gesperrt.<\/p>\n\n\n\n<p style=\"font-size:11px\"><strong>Erfassung von Informationen beim Besuch der Website<\/strong><\/p>\n\n\n\n<p style=\"font-size:11px\">Beim Zugriff auf diese Seite werden automatisch allgemeine Informationen erfasst. Diese sind technisch notwendig, um die Inhalte bei Ihnen korrekt abzuliefern. Sie sorgen unter anderem f\u00fcr einen problemlosen Verbindungsaufbau, eine reibungslose Nutzung und eine Auswertung der Systemsicherheit und -stabilit\u00e4t. Ihre Daten werden nicht verwendet, um R\u00fcckschl\u00fcsse auf Ihre Person zu ziehen.<\/p>\n\n\n\n<p style=\"font-size:11px\"><strong>Cookies<\/strong><\/p>\n\n\n\n<p style=\"font-size:11px\">Die Internetseiten verwenden teilweise so genannte Cookies. Cookies richten auf Ihrem Rechner keinen Schaden an und enthalten keine Viren. Cookies dienen dazu, unser Angebot nutzerfreundlicher, effektiver und sicherer zu machen. Cookies sind kleine Textdateien, die auf Ihrem Rechner abgelegt werden und die Ihr Browser speichert. Die meisten der von uns verwendeten Cookies sind so genannte \u201cSession-Cookies\u201d. Sie werden nach Ende Ihres Besuchs automatisch gel\u00f6scht. Andere Cookies bleiben auf Ihrem Endger\u00e4t gespeichert bis Sie diese l\u00f6schen. Diese Cookies erm\u00f6glichen es uns, Ihren Browser beim n\u00e4chsten Besuch wiederzuerkennen.Sie k\u00f6nnen Ihren Browser so einstellen, dass Sie \u00fcber das Setzen von Cookies informiert werden und Cookies nur im Einzelfall erlauben, die Annahme von Cookies f\u00fcr bestimmte F\u00e4lle oder generell ausschlie\u00dfen sowie das automatische L\u00f6schen der Cookies beim Schlie\u00dfen des Browsers aktivieren. Bei der Deaktivierung von Cookies kann die Funktionalit\u00e4t dieser Website eingeschr\u00e4nkt sein.Cookies, die zur Durchf\u00fchrung des elektronischen Kommunikationsvorgangs oder zur Bereitstellung bestimmter, von Ihnen erw\u00fcnschter Funktionen (z.B. Warenkorbfunktion) erforderlich sind, werden auf Grundlage von Art. 6 Abs. 1 lit. f DSGVO gespeichert. Der Websitebetreiber hat ein berechtigtes Interesse an der Speicherung von Cookies zur technisch fehlerfreien und optimierten Bereitstellung seiner Dienste. Soweit andere Cookies (z.B. Cookies zur Analyse Ihres Surfverhaltens) gespeichert werden, werden diese in dieser Datenschutzerkl\u00e4rung gesondert behandelt.<\/p>\n\n\n\n<p style=\"font-size:11px\"><strong>Server-Log-Dateien<\/strong><\/p>\n\n\n\n<p style=\"font-size:11px\">Der Provider der Seiten erhebt und speichert automatisch Informationen in so genannten Server-Log-Dateien, die Ihr Browser automatisch an uns \u00fcbermittelt. Dies sind: Browsertyp und Browserversion ,verwendetes Betriebssystem, Referrer URL,Hostname des zugreifenden Rechners, Uhrzeit der Serveranfrage,IP-Adresse. Eine Zusammenf\u00fchrung dieser Daten mit anderen Datenquellen wird nicht vorgenommen.Grundlage f\u00fcr die Datenverarbeitung ist Art. 6 Abs. 1 lit. b DSGVO, der die Verarbeitung von Daten zur Erf\u00fcllung eines Vertrags oder vorvertraglicher Ma\u00dfnahmen gestattet.<\/p>\n\n\n\n<p style=\"font-size:11px\"><strong>SSL- bzw. TLS-Verschl\u00fcsselung<\/strong><\/p>\n\n\n\n<p style=\"font-size:11px\">Diese Seite nutzt aus Sicherheitsgr\u00fcnden und zum Schutz der \u00dcbertragung vertraulicher Inhalte, wie zum Beispiel Bestellungen oder Anfragen, die Sie an uns als Seitenbetreiber senden, eine SSL-bzw. TLS-Verschl\u00fcsselung. Eine verschl\u00fcsselte Verbindung erkennen Sie daran, dass die Adresszeile des Browsers von \u201chttp:\/\/\u201d auf \u201chttps:\/\/\u201d wechselt und an dem Schloss-Symbol in Ihrer Browserzeile. Wenn die SSL- bzw. TLS-Verschl\u00fcsselung aktiviert ist, k\u00f6nnen die Daten, die Sie an uns \u00fcbermitteln, nicht von Dritten mitgelesen werden.<\/p>\n\n\n\n<p style=\"font-size:11px\"><strong>\u00c4nderung der Datenschutzbestimmungen<\/strong><\/p>\n\n\n\n<p style=\"font-size:11px\">Der Anbieter dieser Seite beh\u00e4lt es sich vor, diese Datenschutzerkl\u00e4rung anzupassen. So soll stets der aktuell g\u00fcltigen Rechtsanforderung gen\u00fcge getan werden. F\u00fcr Ihren erneuten Besuch dieser Seite gilt dann die neue Datenschutzerkl\u00e4rung. Sie k\u00f6nnen die aktuelle Datenschutzerkl\u00e4rung hier jederzeit einsehen.<\/p>\n\n\n\n<p style=\"font-size:11px\"><strong>Fragen an den Datenschutzbeauftragten<\/strong><\/p>\n\n\n\n<p style=\"font-size:11px\">Sie k\u00f6nnen Ihre Fragen zum Datenschutz jederzeit an den oben genannten Verantwortlichen f\u00fcr Datenschutz dieser Homepage stellen. \u2022<\/p>\n\n\n\n<p style=\"font-size:11px\"><\/p>\n\n\n\n<p style=\"font-size:11px\"><\/p>\n\n\n\n<p style=\"font-size:11px\"><\/p>\n","protected":false},"excerpt":{"rendered":"<p>Datenschutzerkl\u00e4rung Verantwortlich f\u00fcr diese Seite im Sinne des Datenschutzes, insbesondere der EU-Datenschutzgrundverordnung (DSGVO), ist: Jeremias AignerTannenweg 2693333 Neustadt\/Donau Kontakt: Telefon: +4915901322944Mail: gartenmanufaktur-bouleau [\u00e4t] posteo [punkt] de Sie haben Rechte Unter den o.g. Kontaktdaten k\u00f6nnen Sie jederzeit: Auskunft \u00fcber Ihre bei uns gespeicherten Daten und deren Verarbeitung erhalten, unrichtige Personenbezogene Daten richtigstellen, Ihre bei uns gespeicherten [&hellip;]<\/p>\n","protected":false},"author":1,"featured_media":0,"parent":0,"menu_order":0,"comment_status":"closed","ping_status":"open","template":"","meta":{"ocean_post_layout":"","ocean_both_sidebars_style":"","ocean_both_sidebars_content_width":0,"ocean_both_sidebars_sidebars_width":0,"ocean_sidebar":"","ocean_second_sidebar":"","ocean_disable_margins":"enable","ocean_add_body_class":"","ocean_shortcode_before_top_bar":"","ocean_shortcode_after_top_bar":"","ocean_shortcode_before_header":"","ocean_shortcode_after_header":"","ocean_has_shortcode":"","ocean_shortcode_after_title":"","ocean_shortcode_before_footer_widgets":"","ocean_shortcode_after_footer_widgets":"","ocean_shortcode_before_footer_bottom":"","ocean_shortcode_after_footer_bottom":"","ocean_display_top_bar":"default","ocean_display_header":"default","ocean_header_style":"","ocean_center_header_left_menu":"","ocean_custom_header_template":"","ocean_custom_logo":0,"ocean_custom_retina_logo":0,"ocean_custom_logo_max_width":0,"ocean_custom_logo_tablet_max_width":0,"ocean_custom_logo_mobile_max_width":0,"ocean_custom_logo_max_height":0,"ocean_custom_logo_tablet_max_height":0,"ocean_custom_logo_mobile_max_height":0,"ocean_header_custom_menu":"","ocean_menu_typo_font_family":"","ocean_menu_typo_font_subset":"","ocean_menu_typo_font_size":0,"ocean_menu_typo_font_size_tablet":0,"ocean_menu_typo_font_size_mobile":0,"ocean_menu_typo_font_size_unit":"px","ocean_menu_typo_font_weight":"","ocean_menu_typo_font_weight_tablet":"","ocean_menu_typo_font_weight_mobile":"","ocean_menu_typo_transform":"","ocean_menu_typo_transform_tablet":"","ocean_menu_typo_transform_mobile":"","ocean_menu_typo_line_height":0,"ocean_menu_typo_line_height_tablet":0,"ocean_menu_typo_line_height_mobile":0,"ocean_menu_typo_line_height_unit":"","ocean_menu_typo_spacing":0,"ocean_menu_typo_spacing_tablet":0,"ocean_menu_typo_spacing_mobile":0,"ocean_menu_typo_spacing_unit":"","ocean_menu_link_color":"","ocean_menu_link_color_hover":"","ocean_menu_link_color_active":"","ocean_menu_link_background":"","ocean_menu_link_hover_background":"","ocean_menu_link_active_background":"","ocean_menu_social_links_bg":"","ocean_menu_social_hover_links_bg":"","ocean_menu_social_links_color":"","ocean_menu_social_hover_links_color":"","ocean_disable_title":"default","ocean_disable_heading":"default","ocean_post_title":"","ocean_post_subheading":"","ocean_post_title_style":"","ocean_post_title_background_color":"","ocean_post_title_background":0,"ocean_post_title_bg_image_position":"","ocean_post_title_bg_image_attachment":"","ocean_post_title_bg_image_repeat":"","ocean_post_title_bg_image_size":"","ocean_post_title_height":0,"ocean_post_title_bg_overlay":0.5,"ocean_post_title_bg_overlay_color":"","ocean_disable_breadcrumbs":"default","ocean_breadcrumbs_color":"","ocean_breadcrumbs_separator_color":"","ocean_breadcrumbs_links_color":"","ocean_breadcrumbs_links_hover_color":"","ocean_display_footer_widgets":"default","ocean_display_footer_bottom":"default","ocean_custom_footer_template":"","footnotes":""},"class_list":["post-3","page","type-page","status-publish","hentry","entry"],"_links":{"self":[{"href":"https:\/\/baumschnitt-ja.de\/index.php\/wp-json\/wp\/v2\/pages\/3","targetHints":{"allow":["GET"]}}],"collection":[{"href":"https:\/\/baumschnitt-ja.de\/index.php\/wp-json\/wp\/v2\/pages"}],"about":[{"href":"https:\/\/baumschnitt-ja.de\/index.php\/wp-json\/wp\/v2\/types\/page"}],"author":[{"embeddable":true,"href":"https:\/\/baumschnitt-ja.de\/index.php\/wp-json\/wp\/v2\/users\/1"}],"replies":[{"embeddable":true,"href":"https:\/\/baumschnitt-ja.de\/index.php\/wp-json\/wp\/v2\/comments?post=3"}],"version-history":[{"count":1,"href":"https:\/\/baumschnitt-ja.de\/index.php\/wp-json\/wp\/v2\/pages\/3\/revisions"}],"predecessor-version":[{"id":19,"href":"https:\/\/baumschnitt-ja.de\/index.php\/wp-json\/wp\/v2\/pages\/3\/revisions\/19"}],"wp:attachment":[{"href":"https:\/\/baumschnitt-ja.de\/index.php\/wp-json\/wp\/v2\/media?parent=3"}],"curies":[{"name":"wp","href":"https:\/\/api.w.org\/{rel}","templated":true}]}}